g and q.
13
Let j = 47 + -5. Let c = j - 22. Let q be c - (-3 - (1 - 3)). What is the highest common divisor of 14 and q?
7
Let a be 21/9 + 708/9. What is the highest common factor of a and 513?
27
Let a be (6/(-4))/((-1)/(-20)). Let i be 1/(((-9)/a)/3). Calculate the greatest common divisor of 25 and i.
5
Let o = -229 + 242. What is the greatest common factor of o and 52?
13
Let u(y) = -2*y**2 + 8*y + 5. Let o be u(-5). Let q = -25 - o. What is the greatest common divisor of 40 and q?
20
Suppose 0*u + u - 27 = 0. Let r = 881 + -665. Calculate the greatest common factor of u and r.
27
Suppose -102 = 2*a + 4*z, a - 3*z = -18 - 58. Let t be a/(-7) - (-6)/21. Suppose t*i = 12*i - 336. What is the highest common factor of i and 14?
14
Let q be 0 + -3 - (-11 - -10). Let t be -4*5/q + 2. Let n be 2/t + (-2514)/(-36). What is the greatest common factor of 7 and n?
7
Let l = -5 - -9. Let x be l - (5 - (-2 + 5)). Suppose 0 = q + x*q - 54. What is the greatest common divisor of q and 45?
9
Let z be -35*(26/(-14) + -1). What is the greatest common divisor of 90 and z?
10
Let o = -1 + 4. What is the highest common factor of 33 and o?
3
Let f be 2*3/(-12)*-10. Suppose z - 26 = -2. Suppose -k = -31 - z. What is the greatest common divisor of k and f?
5
Suppose -3*t = z - 3507, 3*t + 6*z - 10*z - 3492 = 0. Calculate the greatest common divisor of 73 and t.
73
Let l = 776 + -753. What is the highest common factor of 253 and l?
23
Let p = 824 + -822. Suppose -5*k + 85 = -3*x + 8*x, 2*k - 4*x - 28 = 0. What is the greatest common factor of p and k?
2
Let v = -250 + 327. What is the highest common factor of v and 7?
7
Suppose 0 = -5*p + 4*d - 39, p + 0*d = 4*d - 11. Let m(c) = -c - 6. Let n be m(p). What is the highest common factor of n and 8?
1
Suppose -6*a + 294 = a. Let l = 94 - 53. Suppose -3*s + 43 = -l. Calculate the greatest common divisor of s and a.
14
Let a(f) = -6*f**3 + 48*f**2 + 4*f - 20. Let h be a(8). Suppose 126 = 4*t - 18. Let q be (t/(-10))/((-2)/10). Calculate the highest common divisor of h and q.
6
Suppose -4*y + 187 + 13 = 0. Calculate the highest common divisor of y and 50.
50
Let y be ((-280)/3)/5*-3. Suppose 0*k - 4 = 2*k - 2*j, -4*k + 27 = 3*j. Let u be ((-6)/(-3) - k) + 15. Calculate the highest common divisor of u and y.
14
Let r = -54 - -98. Suppose 2*n + 3*g = 2, 38*n - 41*n + 3*g = -18. What is the greatest common divisor of n and r?
4
Let g = -193 + 214. Let d(r) = 5*r**2 + 9*r - 3. Let t = -16 + 22. Let o be d(t). Calculate the highest common factor of o and g.
21
Suppose -3*n = -4*n + 3. Suppose m - 1154 = -3*m + 5*g, -862 = -n*m + 2*g. What is the highest common divisor of 26 and m?
26
Let o(t) = 7*t**2 + 3*t + 5. Let q be o(-4). Let p(h) = 5*h**2 - 2*h - 3. Let g be p(-2). Calculate the greatest common divisor of g and q.
21
Suppose -6*m + 22 + 2 = 0. Let p be 4 + (-13 - -1)/(-4)*-1. What is the greatest common factor of p and m?
1
Suppose 66 = -0*u + 3*u. Let a(n) = -2*n**3 - 45*n**2 - 31*n + 44. Let s be a(-22). Calculate the greatest common divisor of s and u.
22
Let b = -90 + 45. Let n = b + 54. What is the greatest common divisor of 9 and n?
9
Suppose 0 = 11*y - y - 190. Calculate the greatest common factor of y and 76.
19
Let o be ((-378)/70)/(3/(-10)). Let f(a) = a**3 + 3*a**2 - 3*a - 3. Let w be f(-3). Calculate the greatest common divisor of w and o.
6
Let s(l) = l**3 - l**2 + 2*l + 65. Let p be s(0). Let y = 101 - p. What is the greatest common divisor of 90 and y?
18
Suppose 234 = 14*y + 4*y. Suppose -9*z + 12*z - 273 = 0. Calculate the greatest common divisor of z and y.
13
Suppose -32 = -3*g - g. Let u = -9 + g. Let b be 90/10 - (-3)/u. What is the highest common divisor of 54 and b?
6
Let w(l) = l**2 + 28*l - 85. Let y be w(8). What is the highest common factor of 7 and y?
7
Let p(a) = a - 6. Let v be (5 - -1)*6/12. Suppose 0 = 4*r + v*h - 20, -r + 3*r + 4*h = 0. Let w be p(r). Calculate the greatest common divisor of 6 and w.
2
Let b be (-6)/9*-15 - 2. Let z be (7 + -5)*14/4. Suppose z - 3 = q. What is the greatest common factor of q and b?
4
Let p = 207 + -187. Let h = 46 - -4. Calculate the highest common factor of p and h.
10
Let s = -532 + 551. Let g(z) = z - 46 - z**3 - 2*z**2 + 236 + z**2. Let y be g(0). Calculate the highest common divisor of y and s.
19
Let n be 2/(-7) - (-174)/21. Suppose -3*g - 30 = -2*m, 3*g - n = -3*m + 22. Let p be ((-432)/(-84))/(3/56). Calculate the greatest common divisor of p and m.
12
Let x(w) = -5*w + 14. Let u be x(-10). Let g = -34 + u. Calculate the greatest common divisor of 10 and g.
10
Let n = -19 - -49. Suppose -4*b + n = -2*b. Let x = -5 - -20. What is the highest common factor of x and b?
15
Let p = -117 - -261. Calculate the greatest common factor of 9 and p.
9
Suppose -41*n = -40*n - 8. Suppose -6*h = -n*h + 28. What is the highest common factor of 14 and h?
14
Suppose 965*d = 950*d + 3780. Calculate the highest common factor of 27 and d.
9
Let s(l) = -2*l - 30. Let a be s(0). Let h be (a/(-21))/(4/28). Let p = h + -4. Calculate the highest common factor of p and 3.
3
Suppose 0 = 2*m - 4*j - 1184, 1421 + 1569 = 5*m - 4*j. Calculate the greatest common divisor of 172 and m.
86
Suppose 2585 = 7*b + 170*k - 167*k, -1457 = -4*b + 5*k. Calculate the highest common factor of 207 and b.
23
Suppose 7*n = 2*n + 65. Suppose -9 + 129 = 2*g - 2*c, 4*c - 75 = -g. Let y be 4928/g - 6/27. What is the highest common divisor of n and y?
13
Let v(x) be the first derivative of 7*x**2/2 + 3*x + 6. Let t be v(3). Let r be (-352)/2*t/(-32). Calculate the highest common divisor of 12 and r.
12
Let x be 90/70 + -1 + 782/7. Calculate the greatest common factor of 32 and x.
16
Suppose -2769 = -46*g - 1113. What is the greatest common factor of g and 1422?
18
Suppose -18 = -6*x - 0. Suppose -5*m + j = 150 - 657, -j - 406 = -4*m. Suppose 2*h + a - m = -2*h, 2*a - 10 = 0. What is the highest common divisor of h and x?
3
Suppose -5*a + 0*a - 2*k + 324 = 0, 0 = -2*a - k + 129. Let s = -348 + 248. Let w = s - -122. Calculate the greatest common factor of w and a.
22
Let y = 423 - 358. Calculate the highest common divisor of y and 10.
5
Let c be ((-28)/(-4))/1*108/14. Suppose 4*s - c = 74. Calculate the greatest common factor of 24 and s.
8
Let m = -34 + 111. Let g = -44 + m. Let h = g + -26. What is the greatest common divisor of 14 and h?
7
Let p = -540 + 586. Let s(o) = -o**2 - 4*o - 2. Let a be s(-2). Suppose a*t + 0*t - 46 = 0. Calculate the highest common divisor of t and p.
23
Suppose -3*g - 8 = -2, 0 = 2*s + g + 14. Let b(n) = -5*n - 23. Let t be b(s). Suppose -4*q + 28 = -2*q. What is the highest common factor of q and t?
7
Let d be ((-162)/(-12))/9*(-224)/(-3). What is the greatest common divisor of d and 80?
16
Let r(x) = 35*x. Let z be r(3). Let b(l) be the second derivative of 11*l**3/6 + 9*l**2/2 + 8*l. Let n be b(3). What is the highest common factor of n and z?
21
Let q be (2 + (-2)/4)*-6. Let d(h) = 1. Let w(r) = -2*r + 16. Let a(b) = -6*d(b) + w(b). Let k be a(q). What is the highest common divisor of k and 70?
14
Let t = -49 + 1224. What is the highest common divisor of 25 and t?
25
Let f be ((-523)/2 - 4) + (-3)/(-6). Let w = f - -427. What is the highest common factor of 18 and w?
18
Let b(p) be the first derivative of 21*p**2/2 + 2*p - 2. Let h be b(3). Let i be 0 + 1 + -2 + h. Calculate the greatest common divisor of 16 and i.
16
Let h(w) = -14*w. Let k be h(-2). Let x be ((-16)/k)/(2/(-7)). What is the highest common divisor of 4 and x?
2
Suppose -5*y + 4*v = 18, 11 + 3 = -4*y + 3*v. Let o be 20 - (y - -3)*(0 + -1). What is the highest common factor of 147 and o?
21
Let h(f) = f**3 + 4*f**2 - f - 6. Let t be h(4). Let p = t + -82. What is the highest common factor of p and 36?
36
Let u = 21 - -5. Let j(v) = 21*v + 2. Let y be j(3). Suppose 2*d - d = y. Calculate the highest common divisor of d and u.
13
Suppose 0 = -2*r - 1 + 61. Calculate the highest common divisor of 18 and r.
6
Suppose -3*n + 24 = -18. Let u be (n/(-4))/(1/(-4)). Suppose 2307*o - 2256*o = 2856. What is the greatest common factor of o and u?
14
Let b(o) = -o**3 - 4*o + 132. Let d be b(0). Let k be d/(-48)*(23*-2 + 2). Calculate the highest common divisor of k and 11.
11
Let w = -75 + 124. Suppose 5*t